 1848*j - 20910. What is t(242)?
386
Let b(u) = -783*u**3 + 7*u**2 + 10*u - 1. Calculate b(-1).
779
Let h(z) = -2*z**2 + 97*z - 1187. Calculate h(59).
-2426
Let b(v) = v**3 - 73*v**2 + 23374*v - 1593775. Determine b(69).
-13
Let i(s) = -s**3 - 618*s**2 - 91762*s - 500. Give i(-248).
-4
Let i(d) = -d**3 + 362*d**2 - 24085*d - 2384. Calculate i(88).
-8
Let v(q) = 285*q**2 + 5118*q - 201. Calculate v(-18).
15
Let s(g) = -6*g**2 + 1278*g + 24445. Calculate s(-18).
-503
Let u(h) = 11444*h - 320457. What is u(28)?
-25
Let w(j) = -631*j**3 + 583*j - 584. Give w(1).
-632
Let a(u) = 22*u**2 - 2*u - 23. Calculate a(-9).
1777
Let a(l) = -113*l**3 - 13*l**2 + 2*l + 6. Give a(1).
-118
Let t(b) = -820*b + 16195. Determine t(18).
1435
Let p(i) = -i**3 + 260*i**2 + 1554*i + 11261. Calculate p(266).
89
Let o(u) = -4762*u - 3095313. What is o(-650)?
-13
Let p(d) = -2695*d - 13506. What is p(-5)?
-31
Let p(c) = -118*c - 10241. Calculate p(-78).
-1037
Let b(u) = -13377*u + 1244067. What is b(93)?
6
Let b(c) = 2*c**2 + 35727*c + 71439. Give b(-2).
-7
Let c(n) = -184232*n + 2026561. What is c(11)?
9
Let a(q) = -259240*q + 1036992. Determine a(4).
32
Let a(v) = v**3 - 12*v**2 + 7*v + 5. Calculate a(11).
-39
Let n(k) = k**2 + 1605*k - 172304. Calculate n(101).
2
Let x(l) = l**2 - 1517*l + 552968. Determine x(609).
-4
Let l(j) = -9*j**2 + 484*j + 11213. Calculate l(-18).
-415
Let r(d) = 2*d**3 + 105*d**2 + 705*d - 36. Determine r(-8).
20
Let y(w) = -11*w**3 - 10031*w**2 + 976*w + 58374. What is y(-912)?
6
Let c(f) = -f**3 + 1100*f**2 - 144154*f + 54993. Determine c(948).
9
Let l(i) = 186*i**2 + 506*i + 1008. Determine l(-2).
740
Let t(n) = n**3 + 60*n**2 - 1920*n - 6270. What is t(-3)?
3
Let q(f) = -89*f**2 - 35*f + 12. What is q(1)?
-112
Let u(z) = -z**3 - 36*z**2 - 411*z - 3924. Determine u(-26).
2
Let k(z) = -z**2 - 118*z - 980. Give k(-9).
1
Let k(p) = 123*p - 9006. What is k(69)?
-519
Let q(w) = 6*w**3 + 54*w**2 + 10*w - 62. Calculate q(-9).
-152
Let z(t) = 109*t**3 + 97*t**2 - 100*t + 3. Calculate z(1).
109
Let t(d) = -9217*d - 47654. Determine t(-5).
-1569
Let c(w) = -371*w**3 + 4451*w**2 - 13*w + 294. What is c(12)?
-6
Let m(y) = -7489*y - 1917149. Determine m(-256).
35
Let v(q) = -2*q**3 + 102*q**2 + 74*q - 6776. Determine v(51).
-3002
Let y(o) = 7*o**3 - 4*o**2 + 923*o - 1837. Calculate y(2).
49
Let q(g) = -6*g**2 - 5442*g + 40. Determine q(-907).
40
Let k(t) = 43*t**2 - 4*t - 495. Determine k(0).
-495
Let z(l) = -117*l - 29. What is z(25)?
-2954
Let i(w) = -w**3 + 28*w**2 - 1429*w + 11400. What is i(9)?
78
Let w(l) = 291*l - 5272. Give w(18).
-34
Let t(o) = 6*o**2 - 103*o - 893. Determine t(-8).
315
Let s(y) = 1298924*y + 37668787. Calculate s(-29).
-9
Let g(x) = 27*x**2 + 117*x + 687. Give g(-7).
1191
Let f(p) = 219*p**3 - 19*p**2 + 18*p + 4. Give f(1).
222
Let f(w) = -w**2 + 2248*w - 68747. Determine f(31).
-20
Let q(u) = -2*u**3 - 33*u**2 - 52*u - 714. Give q(-10).
-1494
Let h(y) = y**3 - 14*y**2 + 70*y - 391. Calculate h(11).
16
Let h(a) = 134270*a - 8727530. Give h(65).
20
Let a(l) = -179*l**2 - 46*l - 85. What is a(-2)?
-709
Let z(p) = -986440*p + 5918672. What is z(6)?
32
Let m(p) = -6*p**3 - 25*p**2 + 70*p - 19. What is m(3)?
-196
Let a(n) = -121399*n - 728421. What is a(-6)?
-27
Let i(p) = 2162*p - 38870. Determine i(18).
46
Let p(q) = -7788045*q - 38940222. Calculate p(-5).
3
Let s(p) = -24*p**2 + 570*p - 1544. What is s(27)?
-3650
Let d(h) = -45*h**2 + 16521*h + 66817. What is d(-4)?
13
Let o(a) = -a**2 + 3339*a - 66. Calculate o(0).
-66
Let o(i) = -824*i**2 + 3361*i - 250. Give o(4).
10
Let r(z) = 1985*z + 119106. Give r(-60).
6
Let y(d) = 85989*d - 6879125. Give y(80).
-5
Let d(u) = 2*u**2 + 960*u + 25347. Calculate d(-28).
35
Let h(t) = t**2 - 381*t + 2248. Determine h(375).
-2
Let v(f) = -2*f**3 - 8*f**2 + 9174*f + 36746. What is v(-4)?
50
Let p(w) = 2761335*w + 2761348. What is p(-1)?
13
Let y(g) = -2*g**2 + 123*g - 965. Give y(16).
491
Let d(f) = 85*f**3 - 47*f**2 - 258*f + 20. What is d(2)?
-4
Let l(c) = 13*c**3 - c**2 - 37*c + 67. Determine l(-7).
-4182
Let p(l) = -914*l - 10960. Determine p(-12).
8
Let f(j) = -66*j**2 + 16356*j + 2985. Calculate f(248).
9
Let h(d) = -d**2 - 377*d - 723. What is h(-375)?
27
Let b(n) = 36801*n - 1324836. What is b(36)?
0
Let g(l) = -1443*l + 70. Give g(0).
70
Let y(o) = o**2 - 20310*o + 11213468. Give y(568).
12
Let m(u) = -u**2 + 1384*u - 454280. Give m(535).
-65
Let v(d) = -5384*d - 296123. Calculate v(-55).
-3
Let v(d) = 13*d**2 - 649*d - 129. What is v(50)?
-79
Let o(x) = -x**2 + 8202*x - 1576988. Determine o(197).
-3
Let i(d) = -794*d + 2813. Determine i(4).
-363
Let k(v) = 81*v + 2668. Give k(-46).
-1058
Let c(y) = y**3 + 6*y**2 - 172*y - 504. Give c(-3).
39
Let w(j) = 178670*j - 5896129. What is w(33)?
-19
Let u(p) = -23*p**2 + 16182*p + 16196. Determine u(-1).
-9
Let n(q) = -59547*q - 774117. Give n(-13).
-6
Let i(l) = -16896*l + 169240. Calculate i(10).
280
Let i(m) = 775*m - 9214. Give i(12).
86
Let c(a) = -188138*a + 43083603. What is c(229)?
1
Let c(y) = -y**3 - 10*y**2 + 690*y + 6316. Calculate c(-9).
25
Let f(t) = -20278*t + 7685368. Give f(379).
6
Let k(q) = -16749*q + 16752. Calculate k(1).
3
Let p(x) = 1810*x + 51305. Give p(-28).
625
Let d(u) = -12462*u - 411242. What is d(-33)?
4
Let y(u) = 8*u**2 - 82*u + 498. Give y(5).
288
Let p(b) = -1871*b + 23883. Determine p(13).
-440
Let s(g) = -37541*g - 2064859. Determine s(-55).
-104
Let d(n) = -5*n**2 - 152*n - 480. Calculate d(-5).
155
Let z(l) = 974*l + 116001. Calculate z(-119).
95
Let o(d) = 526*d + 8442. Give o(-16).
26
Let f(n) = 261*n + 11053. Determine f(-43).
-170
Let o(a) = 5299*a + 32949. Determine o(-6).
1155
Let m(i) = -5*i**2 + 128*i + 1174. What is m(-8)?
-170
Let b(v) = v**3 - 40*v**2 - 60*v - 5096. Give b(44).
8
Let u(n) = -6043*n - 6111. Calculate u(-1).
-68
Let f(l) = -78*l**3 + 7*l**2 + 12*l - 19. Determine f(1).
-78
Let v(b) = -b**2 + 64*b + 1481. What is v(91)?
-976
Let i(k) = 89*k**2 - 854*k + 1614. Give i(7).
-3
Let x(b) = -1843*b - 54097. What is x(-25)?
-8022
Let s(o) = 10632*o**2 + 106323*o + 13. Determine s(-10).
-17
Let x(l) = -6*l**2 + 193*l + 8085. Give x(-24).
-3
Let o(g) = -g**3 - 105*g**2 - 2226*g - 1969. What is o(-28)?
-9
Let n(b) = -387187*b - 3097674. Give n(-8).
-178
Let d(q) = -26840*q**2 - 187885*q - 12. Determine d(-7).
23
Let u(s) = -650*s + 10679. Calculate u(17).
-371
Let l(f) = 24*f**2 - 227*f + 64. Determine l(8).
-216
Let p(x) = x**3 - 108*x**2 + 2046*x - 7714. Determine p(85).
21
Let q(w) = -60*w**2 - 229*w + 49. Give q(-4).
5
Let a(w) = 59358*w + 890385. Determine a(-15).
15
Let y(v) = -3*v**3 - 879*v**2 - 140*v - 41015. Calculate y(-293).
5
Let j(q) = 13963*q + 1633652. What is j(-117)?
-19
Let c(i) = -326*i + 5406. Determine c(16).
190
Let y(w) = -2728*w + 804773. Calculate y(295).
13
Let p(t) = 5*t**3 + 3*t**2 + 35*t - 132. Give p(6).
1266
Let j(i) = 1258786*i - 3. Calculate j(0).
-3
Let c(m) = -2*m**2 - 2389*m + 4781. What is c(2)?
-5
Let o(f) = -82*f**3 + 1553*f**2 + 75*f + 403. What is o(19)?
23
Let n(v) = v**3 + 19*v**2 + 21*v - 709. Give n(-10).
-19
Let m(f) = -f**3 - 127*f**2 + 3255*f - 3418. Determine m(-149).
9
Let l(n) = n**3 - 3*n**2 + 6876*n - 20618. What is l(3)?
10
Let x(n) = -36*n**2 + 511*n + 534. Give x(-1).
-13
Let v(b) = b**3 - b**2 + 82*b - 73. Give v(0).
-73
Let m(q) = 64371*q + 514987. What is m(-8)?
19
Let x(y) = 391*y**2 - 1354*y - 27. Give x(4).
813
Let g(t) = 3264*t**3 - 18*t**2 + 11*t - 9. What is g(1)?
3248
Let x(l) = l**3 + 53*l**2 - 602*l + 829. Calculate x(8).
-83
Let z(y) = 56*y**3 - 3*y**2 + 278*y - 983. Calculate z(4).
3665
Let g(h) = h**3 - 97*h**2 + 222*h - 3071. Calculate g(95).
-31
Let t(g) = 2*g**3 + 179*g**2 + 86*g - 15686. Give t(-88).
-22
Let v(r) = 7*r**2 - 248*r + 731. Calculate v(25).
-1094
Let a(o) = 2*o**3 - 57*o**2 - 44*o + 2754. What is a(26)?
-1770
Let u(s) = -2*s**3 - 117*s**2 + 177*s - 187. Calculate u(-60).
-7
Let z(c) = -2138*c + 121841. Determine z(57).
-25
Let u(k) = -k**2 - 5*k + 802. What is u(0)?
802
Let m(o) = -10*o**3 - 13*o**2 - 852*o + 866. Calculate m(1).
-9
Let h(t) = 489*t + 8960. Calculate h(-19).
-331
Let m(n) = 39*n**2 - 276*n - 69. Give m(7).
-90
Let o(f) = 2*f**3 - 191*f**2 - 12903*f + 5289. What is o(-46)?
-1
Let x(